3.
118
What is the remainder when 31279 is divided by 1358?
45
Calculate the remainder when 104121764 is divided by 686.
684
What is the remainder when 5763994 is divided by 774?
16
Calculate the remainder when 9622207 is divided by 4811101.
5
What is the remainder when 168416773 is divided by 2385?
2383
What is the remainder when 6854014 is divided by 208?
206
What is the remainder when 8117578 is divided by 1623509?
33
What is the remainder when 1099141 is divided by 182636?
3325
What is the remainder when 9429035 is divided by 154574?
21
What is the remainder when 26755341 is divided by 1524?
1521
Calculate the remainder when 7346 is divided by 1782.
218
Calculate the remainder when 60969 is divided by 6342.
3891
Calculate the remainder when 70355 is divided by 1482.
701
Calculate the remainder when 85435 is divided by 3285.
25
Calculate the remainder when 16630590 is divided by 721.
4
What is the remainder when 189600 is divided by 76?
56
What is the remainder when 282560 is divided by 536?
88
Calculate the remainder when 158028 is divided by 158016.
12
What is the remainder when 1874010 is divided by 1425?
135
Calculate the remainder when 1378104 is divided by 688751.
602
Calculate the remainder when 218065 is divided by 649.
1
What is the remainder when 4051970 is divided by 173?
137
What is the remainder when 197764702 is divided by 2825210?
2
What is the remainder when 965421 is divided by 1656?
1629
Calculate the remainder when 133583 is divided by 1195.
938
Calculate the remainder when 950577 is divided by 8800.
177
Calculate the remainder when 7010471 is divided by 948.
11
What is the remainder when 14039 is divided by 10749?
3290
Calculate the remainder when 702326 is divided by 8563.
160
What is the remainder when 475222 is divided by 4281?
31
Calculate the remainder when 288066762 is divided by 507.
9
What is the remainder when 659888 is divided by 366?
356
What is the remainder when 3945959 is divided by 1462?
21
Calculate the remainder when 93939 is divided by 93572.
367
What is the remainder when 45638023 is divided by 29?
27
Calculate the remainder when 1089448 is divided by 1966.
284
Calculate the remainder when 25509024 is divided by 300106.
14
Calculate the remainder when 2170812 is divided by 91.
7
What is the remainder when 55164534 is divided by 2793?
2784
Calculate the remainder when 589354 is divided by 4527.
844
Calculate the remainder when 27486 is divided by 78.
30
What is the remainder when 1916 is divided by 1685?
231
What is the remainder when 6291553 is divided by 243?
40
What is the remainder when 402367 is divided by 1916?
7
What is the remainder when 9572563 is divided by 1743?
7
Calculate the remainder when 1777229 is divided by 1170.
1169
Calculate the remainder when 10019117 is divided by 489.
485
What is the remainder when 15704895 is divided by 25?
20
What is the remainder when 3150311 is divided by 18?
5
Calculate the remainder when 7182384 is divided by 649.
550
Calculate the remainder when 151148 is divided by 75559.
30
Calculate the remainder when 32046244 is divided by 3374.
3366
What is the remainder when 73610516 is divided by 1923?
1922
Calculate the remainder when 76404 is divided by 3914.
2038
What is the remainder when 68380 is divided by 4001?
363
What is the remainder when 37443162 is divided by 3113?
3111
Calculate the remainder when 1094814 is divided by 10137.
18
Calculate the remainder when 31326 is divided by 10427.
45
What is the remainder when 4786539 is divided by 1199?
131
Calculate the remainder when 175382 is divided by 35070.
32
Calculate the remainder when 3093031 is divided by 2438.
1647
Calculate the remainder when 70675986 is divided by 3.
0
Calculate the remainder when 317345 is divided by 778.
699
What is the remainder when 254550 is divided by 31?
9
What is the remainder when 22783 is divided by 531?
481
What is the remainder when 814431 is divided by 2733?
2730
Calculate the remainder when 1451976 is divided by 190.
186
What is the remainder when 21698 is divided by 6803?
1289
Calculate the remainder when 228499 is divided by 28483.
635
What is the remainder when 8689976 is divided by 3262?
8
Calculate the remainder when 94418 is divided by 4720.
18
What is the remainder when 8526317 is divided by 1035?
1022
What is the remainder when 423634 is divided by 10902?
9358
What is the remainder when 5335698 is divided by 466?
464
What is the remainder when 1046190 is divided by 273?
54
What is the remainder when 35014 is divided by 3169?
155
What is the remainder when 64765 is divided by 1964?
1917
What is the remainder when 644972320 is divided by 317?
316
Calculate the remainder when 361230 is divided by 987.
975
Calculate the remainder when 186275 is divided by 76.
75
Calculate the remainder when 633786 is divided by 2525.
11
What is the remainder when 1181451 is divided by 22701?
999
What is the remainder when 196502780 is divided by 76?
68
Calculate the remainder when 325563 is divided by 20.
3
What is the remainder when 2124464 is divided by 55?
34
What is the remainder when 21098384 is divided by 263?
261
What is the remainder when 962225 is divided by 2013?
11
Calculate the remainder when 73986 is divided by 550.
286
What is the remainder when 1635443 is divided by 90805?
953
Calculate the remainder when 933304 is divided by 13327.
414
What is the remainder when 5763840 is divided by 6535?
6505
Calculate the remainder when 18043910 is divided by 423.
422
Calculate the remainder when 16142002 is divided by 6673.
15
Calculate the remainder when 133473 is divided by 22225.
123
What is the remainder when 6821425 is divided by 4669?
16
Calculate the remainder when 25849566 is divided by 537.
534
What is the remainder when 168256 is divided by 28002?
244
Calculate the remainder when 247059 is divided by 82178.
525
What is the remainder when 6549669 is divided by 425?
419
What is the remainder when 7268112 is divided by 2422686?
54
Calculate the remainder when 32309681 is divided by 10.
1
Calculate the remainder when 19222187 is divided by 733.
728
What is the remainder when 15756530 is divided by 46?
12
What is the remainder when 52582509 is divided by 37?
33
Calculate the remainder when 82637999 is divided by 750.
749
What is the remainder when 1766807 is divided by 270?
197
Calculate the remainder when 319611 is divided by 2082.
1065
What is the remainder when 307980 is divided by 76867?
512
Calculate the remainder when 863981 is divided by 20536.
1469
What is the remainder when 15599339 is divided by 2973?
8
Calculate the remainder when 1445203 is divided by 206438.
137
Calculate the remainder when 445409 is divided by 561.
536
What is the remainder when 19139 is divided by 8239?
2661
Calculate the remainder when 278484 is divided by 39780.
24
Calculate the remainder when 1949972 is divided by 487099.
1576
What is the remainder when 118368 is divided by 590?
368
What is the remainder when 1799724 is divided by 899857?
10
Calculate the remainder when 5286357 is divided by 151037.
62
What is the remainder when 8310161 is divided by 188?
185
Calculate the remainder when 43079 is divided by 960.
839
What is the remainder when 95257 is divided by 1235?
162
What is the remainder when 457204 is divided by 8962?
142
What is the remainder when 36975487 is divided by 999337?
18
Calculate the remainder when 1386451 is divided by 298.
155
Calculate the remainder when 2062045 is divided by 686542.
2419
What is the remainder when 589249 is divided by 49103?
13
Calculate the remainder when 274306 is divided by 122.
50
What is the remainder when 106887 is divided by 51609?
3669
What is the remainder when 91829805 is divided by 42?
39
What is the remainder when 2931094 is divided by 36636?
214
Calculate the remainder when 6723896 is divided by 1997.
1994
What is the remainder when 1149534 is divided by 6458?
10
Calculate the remainder when 3989661 is divided by 542.
541
Calculate the remainder when 192920 is divided by 31962.
1148
Calculate the remainder when 513098 is divided by 169.
14
Calculate the remainder when 860729 is divided by 98.
93
Calculate the remainder when 43453245 is divided by 36393.
3
Calculate the remainder when 7396714 is divided by 22014.
10
Calculate the remain